00 - 124?
-42013224
In base 11, what is -66a + -3246?
-3905
In base 11, what is 327 + -22781?
-22455
In base 16, what is -14 - cdc8e?
-cdca2
In base 7, what is -2132552 + -6625?
-2142510
In base 13, what is -2c + -10613b?
-10616a
In base 3, what is 10112121212100 - 12?
10112121212011
In base 4, what is -2112 - 200203331?
-200212103
In base 2, what is 11101000001011111001 - -1110?
11101000001100000111
In base 5, what is 440 - -1333133?
1334123
In base 3, what is 20211 - -10201221220?
10202012201
In base 7, what is 1552 + 100441?
102323
In base 15, what is 474586b0 + 1?
474586b1
In base 6, what is 414352 + 11515?
430311
In base 8, what is -1 - 573104737?
-573104740
In base 5, what is 14243312 - -1122?
14244434
In base 9, what is -8642018 - -44?
-8641864
In base 5, what is -12314011 + 1104?
-12312402
In base 9, what is -7614 - -62758?
54144
In base 4, what is -1000202 - -3300110?
2233302
In base 10, what is -958 - 47077?
-48035
In base 2, what is 11100000011 + -10100011111000100?
-10100000011000001
In base 6, what is -224 - -223004?
222340
In base 2, what is 10000001000001001001 - -11111?
10000001000001101000
In base 2, what is -11 - 1010010110000011000110?
-1010010110000011001001
In base 11, what is 353314 - 6?
353309
In base 10, what is -52771 + -1882?
-54653
In base 16, what is -42d5 - 1059?
-532e
In base 3, what is 12212 - 10010201000?
-10010111011
In base 9, what is 368050 + -15?
368034
In base 7, what is 1631534 - 132?
1631402
In base 10, what is 3474934 - -2?
3474936
In base 12, what is 16 + 22b54?
22b6a
In base 9, what is -4677 - -215878?
211201
In base 6, what is -1 - 10214124243?
-10214124244
In base 5, what is -102114 - 30042?
-132211
In base 8, what is 314 + 5446550?
5447064
In base 6, what is -24230 + 24153?
-33
In base 10, what is -28652388 - 24?
-28652412
In base 3, what is -121 - -20210211021?
20210210200
In base 10, what is -1085108415 + -5?
-1085108420
In base 3, what is 1202 + -2102021000?
-2102012021
In base 5, what is 23342 + 213024?
241421
In base 3, what is -22122 + 1221000210001?
1221000110102
In base 6, what is 4 + 2313123322?
2313123330
In base 13, what is -686b982 + -4?
-686b986
In base 10, what is 181286 - 248?
181038
In base 4, what is 121010120210 - 20?
121010120130
In base 10, what is 45112 - -567?
45679
In base 8, what is -755560417 - 1?
-755560420
In base 3, what is -110 + -122212220201001?
-122212220201111
In base 5, what is -223 - 4224300?
-4230023
In base 12, what is 3 - -a77b97b0?
a77b97b3
In base 3, what is 11202110122 + 2202?
11202120101
In base 3, what is 221211202 - -2010211?
1000222120
In base 11, what is 5039 - -2834?
7872
In base 9, what is -6445 + 12007?
4452
In base 8, what is 7407 - 260?
7127
In base 14, what is 4a8c21 + 1?
4a8c22
In base 14, what is 51c81 - 156?
51b29
In base 5, what is 1 - 212014240?
-212014234
In base 12, what is -215435 - 33?
-215468
In base 12, what is -200 + 252266?
252066
In base 11, what is 8756 - -1264?
9a0a
In base 5, what is 201 - -14424013014?
14424013220
In base 14, what is 27 + -2c1c7a?
-2c1c53
In base 2, what is -11100101000100001101 - 10?
-11100101000100001111
In base 11, what is -36454 - -1684?
-34880
In base 5, what is 134311 + -112002?
22304
In base 11, what is 2 - -579994?
579996
In base 6, what is 31 + -355135215?
-355135144
In base 13, what is 2 - 60c6437?
-60c6435
In base 16, what is 6af + -9e4f?
-97a0
In base 5, what is -241241123 - 12204?
-241303332
In base 13, what is 3b5 - -394b3?
39898
In base 3, what is 10 - 22211020222220?
-22211020222210
In base 13, what is -7 - -8010314?
801030a
In base 9, what is 7756 - -728?
8585
In base 4, what is 2133302 - 102312012?
-100112110
In base 16, what is -210 - b0c?
-d1c
In base 9, what is -4 + -5144833?
-5144837
In base 3, what is 2022002200001 - 1200?
2022002121101
In base 2, what is 0 - -1111011011100111100101011?
1111011011100111100101011
In base 12, what is b1 + 211046?
211137
In base 3, what is -2 + -2120022001122021?
-2120022001122100
In base 12, what is 32 - -573299?
57330b
In base 14, what is 4a32aa06 - 3?
4a32aa03
In base 8, what is 420144 + -11407?
406535
In base 3, what is -20 + 222202002020?
222202002000
In base 13, what is -18bc78 + -2c?
-18bca7
In base 7, what is 4104 + 464504?
501611
In base 13, what is -b0a4b + -23?
-b0a71
In base 4, what is 30210001013 + -22?
30210000331
In base 4, what is -101201122120 + 21?
-101201122033
In base 10, what is 5075 + -305?
4770
In base 5, what is -4 + -34104301001?
-34104301010
In base 16, what is 52c - -1556?
1a82
In base 13, what is -627 - 4bc4?
-551b
In base 8, what is 3760261 - -6?
3760267
In base 3, what is 1001 - 212200122202?
-212200121201
In base 13, what is 49628 - -185?
497b0
In base 7, what is -142442004 + -5?
-142442012
In base 2, what is -10101010001100000100000100000 + -11?
-10101010001100000100000100011
In base 12, what is -5bb + 3840?
3241
In base 12, what is 6796454 - -2?
6796456
In base 7, what is -103 + -326640?
-330043
In base 13, what is -4 + -283633a?
-2836341
In base 3, what is 0 + 1100020220120101?
1100020220120101
In base 4, what is 220 - 112131311232?
-112131311012
In base 2, what is 10100 + 10100010110110011101?
10100010110110110001
In base 3, what is -1012021212121 - 22220?
-1012022012111
In base 4, what is -20133320311 + -22?
-20133320333
In base 12, what is 3a53 - -3407?
725a
In base 13, what is 4 - 3639842a?
-36398426
In base 3, what is -2012 - 110001111?
-110010200
In base 7, what is 51 + -32422153?
-32422102
In base 2, what is 1011010001 + -10011011010000?
-10001111111111
In base 6, what is -4533223525 - -4?
-4533223521
In base 16, what is -3 - -3ed6de?
3ed6db
In base 7, what is -1055224 + -142?
-1055366
In base 10, what is -574276 - 2050?
-576326
In base 15, what is 2931d + cb?
293e9
In base 5, what is -3023444240 - -3?
-3023444232
In base 7, what is -3340103651 + -1?
-3340103652
In base 12, what is 3b0 - -726a9?
72a99
In base 11, what is -a + -233076?
-233085
In base 14, what is -259 - 7d98?
-8213
In base 4, what is 11121 + -313203010?
-313131223
In base 14, what is 4 + -b9b56d?
-b9b569
In base 8, what is -723170 + 1316?
-721652
In base 3, what is -11 + 11101212022111111?
11101212022111100
In base 15, what is 0 + 518b06?
518b06
In base 9, what is -12730 + 75368?
62538
In base 5, what is 32 - 3143324432?
-3143324400
In base 4, what is -103212 - -2312030?
2202212
In base 4, what is -323323323 + 23?
-323323300
In base 16, what is 0 - 35bff2?
-35bff2
In base 2, what is 10110 + 111110011001001100101001?
111110011001001100111111
In base 10, what is 236625 + -344?
236281
In base 12, what is -3 + 31914735?
31914732
In base 8, what is 4 - 11531731?
-11531725
In base 16, what is -468e - -1f3?
-449b
In base 3, what is 1111002122021 + -10?
1111002122011
In base 6, what is -30540 + -1?
-30541
In base 9, what is -4 + 146587563?
146587558
In base 15, what is -136 - 2e5a4d?
-2e5b84
In base 15, what is -ce + -5dbb5?
-5dc94
In base 6, what is 30212 + 30203?
100415
In base 7, what is -45 + -3521415?
-3521463
In base 12, what is -7 - -43a78670?
43a78665
In base 8, what is 3 - -53237702?
53237705
In base 10, what is 20 + 3420338?
3420358
In base 11, what is 1 + -28046629?
-28046628
In base 7, what is -652542 + 5033?
-644506
In base 8, what is 21513701 - 2?
21513677
In base 8, what is 3100706 - 31?
3100655
In base 9, what is 317484 + 268?
317763
In base 5, what is 211 - -23403223?
23403434
In base 8, what is 24266425 - 3?
24266422
In base 4, what is 33332000 - -2212?
100000212
In base 13, what is -b - -a9704ba?
a9704ac
In base 13, what is -339ca484 - 0?
-339ca484
In base 11, what is -95 - -23507?
23422
In base 4, what is -201302222102 - 0?
-201302222102
In base 14, what is 4 + 28a6020?
28a6024
In base 4, what is 12 - 1011302131120?
-1011302131102
In base 8, what is -473110734 - 2?
-473110736
In base 7, what is 11305 - 10033?
1242
In base 16, what is -19c110 + -f9?
-19c209
In base 4, what is 3011300110120 - -2?
3011300110122
In base 12, what is -7a985 + aa8?
-79a99
In base 7, what is -3044 + -2344640?
-2351014
In base 7, what is -430306116 + 0?
-430306116
In base 7, what is -22504240 - -5?
-22504232
In base 5, what is -112 + 22443240?
22443123
In base 3, what is 12112200 + -22021220120?
-22002100220
In base 10, what is 14 - -2459?
2473
In base 16, what is